factor of b and 70.
14
Let u(t) = 8*t + 15. Let a be u(10). Calculate the greatest common divisor of a and 19.
19
Let r be 2*3/(6/8). Let b = -14 + 79. Suppose 0 = -3*y + 7 + b. Calculate the greatest common factor of r and y.
8
Let y(b) = b**2 + 5*b + 10. Let u be y(6). What is the greatest common factor of u and 19?
19
Let q be (-573)/(-21) - (20/(-35))/(-2). Calculate the highest common divisor of q and 27.
27
Let w(u) = 7*u + 7. Let v be w(6). Let q = 28 + v. Let g be (-2)/7 - 158/(-14). What is the greatest common factor of q and g?
11
Let k = -6 + 17. What is the highest common divisor of 22 and k?
11
Suppose a + 2*u = 0, a - u = -5*u + 4. Suppose -3*l - 36 = -4*x, -2*l - 6 = 4*x - 2. Let t = a - l. What is the greatest common factor of 40 and t?
4
Let o = 6 - -4. Suppose 40 = 2*v + 5*m, 5*v - 4*v + 3*m = 22. What is the highest common factor of o and v?
10
Let y = 21 - 7. Suppose 0 = -5*w + 25, 0 = -2*v + 4*w - 10. Suppose -v*d + 317 = -313. What is the greatest common factor of y and d?
14
Suppose 0 = -y - y - 42. Let g = y - -36. Calculate the highest common factor of 6 and g.
3
Let s be (7 - -55)*(-1)/(-2). Suppose -b = -4*t + 41, -3*t - 2*b + s = -3*b. Suppose 2*w - t = -0*w. Calculate the highest common factor of w and 10.
5
Suppose -60 = -4*h - 24. Suppose h + 39 = 4*m. Let q = 19 - 1. What is the highest common divisor of q and m?
6
Let i = 99 + -4. Calculate the highest common factor of 19 and i.
19
Suppose -15 - 193 = -4*w. Calculate the greatest common factor of w and 13.
13
Let u(o) be the first derivative of -o**4/4 - o**3 + 4*o**2 + 3*o + 2. Let g be u(-5). Calculate the highest common divisor of g and 117.
13
Suppose a + 5*m - 16 = 18, 4*a = m + 52. Calculate the greatest common factor of 56 and a.
14
Let p(b) = 2*b + 21. Let q be p(-9). What is the greatest common divisor of q and 9?
3
Let v = -20 - -36. Let u = 65 - -47. What is the highest common divisor of v and u?
16
Let l be ((-22)/(-4))/((-9)/18). Let m = l + 18. Calculate the greatest common divisor of 77 and m.
7
Let b(x) = 4*x + 1. Let u be b(3). Suppose 0 = t - 3*t - 68. Let y = 47 + t. Calculate the greatest common factor of y and u.
13
Let l = 6 - 3. Suppose l*w = -4*d + 34, -5*w + 50 = 4*d + 4. What is the highest common factor of 18 and w?
6
Let f(z) = -z**3 - 2*z**2 + 42. Let o be f(0). What is the highest common factor of o and 18?
6
Suppose -3 = -f - 1. Let z = 123 - 59. Suppose p - 2*p + 70 = 2*u, f*p + z = 2*u. Calculate the greatest common factor of u and 51.
17
Suppose -8 = -3*v + 5*g - 0*g, -4*v + 32 = 4*g. Calculate the highest common divisor of v and 3.
3
Let b = 6 - 2. Suppose -3*u = -4*u + 2. Suppose a = b*h + 44, 4*a - u*h = h + 202. Calculate the greatest common divisor of a and 13.
13
Suppose -5*o - o = -42. Let n(u) = u**2 - 7*u + 7. Let k be n(6). Calculate the greatest common factor of o and k.
1
Let k = 3 - 0. Let l(u) = 5*u**2 - 4*u + 2. Let j be l(k). Suppose 11 = 2*q - 17. Calculate the greatest common divisor of q and j.
7
Let f = -25 + 33. Suppose -f - 73 = -3*b. What is the highest common factor of 108 and b?
27
Let u(b) = -2*b - 3. Let z be u(-2). Let l = z - 1. Suppose 5*w - 480 = -l*w. What is the highest common factor of w and 12?
12
Let x(m) = m**2 - 11*m + 11. Let d be x(10). Let j = 5 + -1. What is the greatest common divisor of j and d?
1
Let w(z) = z**3 - 5*z**2 + 9*z - 6. Let g be w(6). Let k = -62 - -115. Suppose 5*y = y + c + k, -5*y + 75 = -3*c. What is the highest common divisor of y and g?
12
Let q = 86 - 85. Calculate the highest common factor of 11 and q.
1
Let k be 4/(-6)*-12 - -4. Suppose -k*i = -7*i - 150. Let n = -1 - -16. What is the highest common divisor of i and n?
15
Suppose -p - 137 = -5*n, n + 5*p - 17 = -0*p. Calculate the greatest common factor of 135 and n.
27
Suppose -5*z = 38 - 108. What is the greatest common factor of 112 and z?
14
Let q = 5 - -19. Suppose 3*a = -0 + 3, 0 = m - a - 2. Calculate the highest common factor of m and q.
3
Suppose 4*h = 3*h - 2. Let m = 2 - h. Calculate the highest common divisor of 12 and m.
4
Suppose 5*q - 12 + 2 = 0, -2*i + 2*q = 4. Suppose i*g + 4*g + 16 = 0. Let s = 22 - g. Calculate the greatest common factor of s and 39.
13
Suppose -101 = -4*b - 0*m - 3*m, 2 = -2*m. Calculate the highest common divisor of 208 and b.
26
Let a be 62/4 + (-2)/4. Suppose 0 = -x + 8 + 25. Let l = x + -3. What is the greatest common divisor of l and a?
15
Let r be -1 + 114 - (-8 - -11). Calculate the greatest common divisor of r and 10.
10
Suppose -4*j - 11 = -5*j. What is the greatest common factor of 121 and j?
11
Suppose 3*a + 3*t = -27, 4*t = -5*a + 10 - 56. Let o be (-42)/((a/(-3))/(-5)). Suppose -2*m + 7 = -7. Calculate the greatest common divisor of m and o.
7
Let u = -161 - -174. What is the greatest common divisor of 13 and u?
13
Let f = 1 - -1. Suppose -4 = -m - f. Let k be (9/m)/((-5)/(-90)). Calculate the greatest common factor of k and 9.
9
Let u be 1*(-2)/(-3)*9. Suppose 3*g + 4*j - 70 = 0, -5*j = 1 - u. Let p = 1 + 1. Calculate the greatest common divisor of g and p.
2
Suppose 2*n = 6*n + 4. Let v be (-3)/(n - -2) - -6. Suppose 4*g + 2*i - 66 = 0, -4*g + 4*i + 57 = v*i. What is the highest common factor of g and 75?
15
Let n(f) = -f**3 + f**2 + 4*f + 10. Let l be n(-5). What is the highest common divisor of 56 and l?
28
Let b = -49 - -77. Let g be -1 + 10/2 + 0. What is the greatest common divisor of g and b?
4
Let d(n) = n**2 - 4*n + 3. Let x be d(-6). Suppose -i + 0*i + 5 = 0. Let c = 12 - i. What is the highest common factor of x and c?
7
Suppose 3*t + 156 + 6 = 0. Let j be (1/3)/((-2)/t). Calculate the greatest common divisor of 45 and j.
9
Let k = 6 + 33. What is the greatest common factor of 26 and k?
13
Suppose 3*m = -0 + 15. Calculate the highest common factor of 15 and m.
5
Let p be (-38)/(-4)*14 + 2. Suppose -2*f + 5*f - 6 = 0. Suppose f*q + p = 3*q. What is the greatest common divisor of 15 and q?
15
Let x = 22 + 1. Suppose -k + 0*k = -4*r + 18, -x = k - 5*r. Calculate the greatest common divisor of 3 and k.
1
Suppose -3*f = -83 + 23. Let b be (42/10)/(4/f). Let w be (-1)/(2*(-2)/28). What is the greatest common factor of w and b?
7
Suppose -5*y + v = -15, -5 = 5*y + 4*v - 20. Let o be 22 - (-2 + 3/y). Calculate the greatest common divisor of 161 and o.
23
Suppose 6*q - 20 = -2*o + 2*q, -5*q = 5. Calculate the highest common divisor of o and 30.
6
Let t = 67 - 29. Suppose f + 26 = 2*y, 0 = -4*y - 6*f + f + t. What is the highest common factor of y and 8?
4
Let k(x) = x**2 - 7*x + 6. Let o be k(5). Let f(q) = -39*q - 4. Let v be f(o). Calculate the highest common factor of 19 and v.
19
Suppose -3*w = -2*y - 7*w + 320, 160 = y + 5*w. What is the highest common divisor of y and 20?
20
Let y = -4 - -7. Suppose -y*v = -0*v - 6. What is the highest common factor of 8 and v?
2
Suppose 2*n + 150 = 4*q, 0 = 3*q - q - 3*n - 81. Let l be (13/3)/(4/q). Suppose -156 = -5*d + l. Calculate the greatest common divisor of d and 13.
13
Let l(y) = 7*y**3 - y**2 + 3*y - 2. Let k be l(2). Suppose -k = 2*h - 6*h. Calculate the greatest common factor of h and 21.
7
Suppose -5*a = -95 + 5. What is the greatest common divisor of 54 and a?
18
Let q = 90 + -54. Calculate the highest common divisor of q and 12.
12
Let i be ((-5)/1 - -3)/((-4)/30). Calculate the greatest common factor of i and 285.
15
Let x(z) = -z**2 + 9*z - 6. Suppose 4*f - 11 = 21. Let d be x(f). What is the highest common divisor of 18 and d?
2
Let o(t) = 3*t**2 - 3*t - 2. Let p be o(-3). What is the greatest common divisor of 17 and p?
17
Suppose -d - 26 = -35. What is the highest common factor of 18 and d?
9
Suppose -3*m = -134 + 35. Calculate the highest common divisor of m and 3.
3
Let x(o) = 5*o + 9. Let a be x(6). What is the highest common divisor of a and 312?
39
Let m = -97 - -158. Calculate the greatest common factor of m and 244.
61
Let z(r) = r - 4*r - 4 + r. Let b be z(-4). Calculate the highest common divisor of b and 16.
4
Let r = 0 - -12. What is the highest common factor of 36 and r?
12
Suppose 0 = -4*a + 2*a + 6. Let q be 3/(a/2) + 10. What is the highest common factor of 8 and q?
4
Let l be ((-8)/(-12))/(2/(-6)). Let v be 13 + l*1/(-2). Suppose 0 = 5*g + 2*d - 99, -3*g - 4*d + 9 = -2*g. What is t